{"id":6910,"date":"2022-02-16T17:33:57","date_gmt":"2022-02-16T10:33:57","guid":{"rendered":"https:\/\/web.oshikrub.com\/maeloi\/?page_id=6910"},"modified":"2022-02-16T17:34:52","modified_gmt":"2022-02-16T10:34:52","slug":"%e0%b8%ad%e0%b8%b3%e0%b8%99%e0%b8%b2%e0%b8%88%e0%b8%ab%e0%b8%99%e0%b9%89%e0%b8%b2%e0%b8%97%e0%b8%b5%e0%b9%88%e0%b8%82%e0%b8%ad%e0%b8%87%e0%b8%ad%e0%b8%87%e0%b8%84%e0%b9%8c%e0%b8%81%e0%b8%b2%e0%b8%a3","status":"publish","type":"page","link":"https:\/\/www.nongkham101.go.th\/home\/?page_id=6910","title":{"rendered":"\u0e2d\u0e33\u0e19\u0e32\u0e08\u0e2b\u0e19\u0e49\u0e32\u0e17\u0e35\u0e48\u0e02\u0e2d\u0e07\u0e2d\u0e07\u0e04\u0e4c\u0e01\u0e32\u0e23\u0e1a\u0e23\u0e34\u0e2b\u0e32\u0e23\u0e2a\u0e48\u0e27\u0e19\u0e15\u0e33\u0e1a\u0e25"},"content":{"rendered":"\t\t<div data-elementor-type=\"wp-page\" data-elementor-id=\"6910\" class=\"elementor elementor-6910\">\n\t\t\t\t\t\t<section class=\"elementor-section elementor-top-section elementor-element elementor-element-d4d9557 elementor-reverse-tablet elementor-reverse-mobile elementor-section-boxed elementor-section-height-default elementor-section-height-default\" data-id=\"d4d9557\" data-element_type=\"section\">\n\t\t\t\t\t\t<div class=\"elementor-container elementor-column-gap-default\">\n\t\t\t\t\t<div class=\"elementor-column elementor-col-50 elementor-top-column elementor-element elementor-element-4a4358d\" data-id=\"4a4358d\" data-element_type=\"column\" data-settings=\"{&quot;background_background&quot;:&quot;classic&quot;}\">\n\t\t\t<div class=\"elementor-widget-wrap elementor-element-populated\">\n\t\t\t\t\t\t<div class=\"elementor-element elementor-element-508db99 elementor-widget elementor-widget-heading\" data-id=\"508db99\" data-element_type=\"widget\" data-widget_type=\"heading.default\">\n\t\t\t\t<div class=\"elementor-widget-container\">\n\t\t\t<h2 class=\"elementor-heading-title elementor-size-default\">\u0e02\u0e49\u0e2d\u0e21\u0e39\u0e25\u0e1e\u0e37\u0e49\u0e19\u0e10\u0e32\u0e19<\/h2>\t\t<\/div>\n\t\t\t\t<\/div>\n\t\t\t\t<div class=\"elementor-element elementor-element-6b9338e elementor-nav-menu--dropdown-tablet elementor-nav-menu__text-align-aside elementor-widget elementor-widget-nav-menu\" data-id=\"6b9338e\" data-element_type=\"widget\" data-settings=\"{&quot;submenu_icon&quot;:{&quot;value&quot;:&quot;&lt;i class=\\&quot;\\&quot;&gt;&lt;\\\/i&gt;&quot;,&quot;library&quot;:&quot;&quot;},&quot;layout&quot;:&quot;horizontal&quot;}\" data-widget_type=\"nav-menu.default\">\n\t\t\t\t<div class=\"elementor-widget-container\">\n\t\t\t\t\t\t<nav class=\"elementor-nav-menu--main elementor-nav-menu__container elementor-nav-menu--layout-horizontal e--pointer-none\">\n\t\t\t\t<ul id=\"menu-1-6b9338e\" class=\"elementor-nav-menu\"><li class=\"menu-item menu-item-type-post_type menu-item-object-page menu-item-7232\"><a href=\"https:\/\/www.nongkham101.go.th\/home\/?page_id=5656\" class=\"elementor-item\">\u0e1b\u0e23\u0e30\u0e27\u0e31\u0e15\u0e34 \u0e2d\u0e1a\u0e15.\u0e2b\u0e19\u0e2d\u0e07\u0e02\u0e32\u0e21<\/a><\/li>\n<li class=\"menu-item menu-item-type-post_type menu-item-object-page menu-item-7233\"><a href=\"https:\/\/www.nongkham101.go.th\/home\/?page_id=5676\" class=\"elementor-item\">\u0e2a\u0e20\u0e32\u0e1e\u0e17\u0e31\u0e48\u0e27\u0e44\u0e1b\u0e41\u0e25\u0e30\u0e02\u0e49\u0e2d\u0e21\u0e39\u0e25\u0e1e\u0e37\u0e49\u0e19\u0e10\u0e32\u0e19<\/a><\/li>\n<li class=\"menu-item menu-item-type-post_type menu-item-object-page menu-item-7234\"><a href=\"https:\/\/www.nongkham101.go.th\/home\/?page_id=5680\" class=\"elementor-item\">\u0e04\u0e33\u0e02\u0e27\u0e31\u0e0d \u0e27\u0e34\u0e2a\u0e31\u0e22\u0e17\u0e31\u0e28\u0e19\u0e4c \u0e1e\u0e31\u0e19\u0e18\u0e01\u0e34\u0e08<\/a><\/li>\n<li class=\"menu-item menu-item-type-post_type menu-item-object-page menu-item-9498\"><a href=\"https:\/\/www.nongkham101.go.th\/home\/?page_id=9493\" class=\"elementor-item\">\u0e19\u0e42\u0e22\u0e1a\u0e32\u0e22\u0e01\u0e32\u0e23\u0e1e\u0e31\u0e12\u0e19\u0e32\u0e02\u0e2d\u0e07\u0e1c\u0e39\u0e49\u0e1a\u0e23\u0e34\u0e2b\u0e32\u0e23<\/a><\/li>\n<li class=\"menu-item menu-item-type-post_type menu-item-object-page menu-item-7236\"><a href=\"https:\/\/www.nongkham101.go.th\/home\/?page_id=6910\" class=\"elementor-item\">\u0e2d\u0e33\u0e19\u0e32\u0e08\u0e2b\u0e19\u0e49\u0e32\u0e17\u0e35\u0e48<\/a><\/li>\n<\/ul>\t\t\t<\/nav>\n\t\t\t\t\t\t<nav class=\"elementor-nav-menu--dropdown elementor-nav-menu__container\" aria-hidden=\"true\">\n\t\t\t\t<ul id=\"menu-2-6b9338e\" class=\"elementor-nav-menu\"><li class=\"menu-item menu-item-type-post_type menu-item-object-page menu-item-7232\"><a href=\"https:\/\/www.nongkham101.go.th\/home\/?page_id=5656\" class=\"elementor-item\" tabindex=\"-1\">\u0e1b\u0e23\u0e30\u0e27\u0e31\u0e15\u0e34 \u0e2d\u0e1a\u0e15.\u0e2b\u0e19\u0e2d\u0e07\u0e02\u0e32\u0e21<\/a><\/li>\n<li class=\"menu-item menu-item-type-post_type menu-item-object-page menu-item-7233\"><a href=\"https:\/\/www.nongkham101.go.th\/home\/?page_id=5676\" class=\"elementor-item\" tabindex=\"-1\">\u0e2a\u0e20\u0e32\u0e1e\u0e17\u0e31\u0e48\u0e27\u0e44\u0e1b\u0e41\u0e25\u0e30\u0e02\u0e49\u0e2d\u0e21\u0e39\u0e25\u0e1e\u0e37\u0e49\u0e19\u0e10\u0e32\u0e19<\/a><\/li>\n<li class=\"menu-item menu-item-type-post_type menu-item-object-page menu-item-7234\"><a href=\"https:\/\/www.nongkham101.go.th\/home\/?page_id=5680\" class=\"elementor-item\" tabindex=\"-1\">\u0e04\u0e33\u0e02\u0e27\u0e31\u0e0d \u0e27\u0e34\u0e2a\u0e31\u0e22\u0e17\u0e31\u0e28\u0e19\u0e4c \u0e1e\u0e31\u0e19\u0e18\u0e01\u0e34\u0e08<\/a><\/li>\n<li class=\"menu-item menu-item-type-post_type menu-item-object-page menu-item-9498\"><a href=\"https:\/\/www.nongkham101.go.th\/home\/?page_id=9493\" class=\"elementor-item\" tabindex=\"-1\">\u0e19\u0e42\u0e22\u0e1a\u0e32\u0e22\u0e01\u0e32\u0e23\u0e1e\u0e31\u0e12\u0e19\u0e32\u0e02\u0e2d\u0e07\u0e1c\u0e39\u0e49\u0e1a\u0e23\u0e34\u0e2b\u0e32\u0e23<\/a><\/li>\n<li class=\"menu-item menu-item-type-post_type menu-item-object-page menu-item-7236\"><a href=\"https:\/\/www.nongkham101.go.th\/home\/?page_id=6910\" class=\"elementor-item\" tabindex=\"-1\">\u0e2d\u0e33\u0e19\u0e32\u0e08\u0e2b\u0e19\u0e49\u0e32\u0e17\u0e35\u0e48<\/a><\/li>\n<\/ul>\t\t\t<\/nav>\n\t\t\t\t<\/div>\n\t\t\t\t<\/div>\n\t\t\t\t<div class=\"elementor-element elementor-element-7c70ee8 elementor-widget-divider--view-line elementor-widget elementor-widget-divider\" data-id=\"7c70ee8\" data-element_type=\"widget\" data-widget_type=\"divider.default\">\n\t\t\t\t<div class=\"elementor-widget-container\">\n\t\t\t\t\t<div class=\"elementor-divider\">\n\t\t\t<span class=\"elementor-divider-separator\">\n\t\t\t\t\t\t<\/span>\n\t\t<\/div>\n\t\t\t\t<\/div>\n\t\t\t\t<\/div>\n\t\t\t\t<div class=\"elementor-element elementor-element-3676064 elementor-widget elementor-widget-heading\" data-id=\"3676064\" data-element_type=\"widget\" data-widget_type=\"heading.default\">\n\t\t\t\t<div class=\"elementor-widget-container\">\n\t\t\t<h2 class=\"elementor-heading-title elementor-size-default\">\u0e02\u0e48\u0e32\u0e27\u0e2a\u0e32\u0e23\u0e25\u0e48\u0e32\u0e2a\u0e38\u0e14<\/h2>\t\t<\/div>\n\t\t\t\t<\/div>\n\t\t\t\t<div class=\"elementor-element elementor-element-7c1a146 elementor-grid-1 elementor-posts--thumbnail-left elementor-grid-tablet-2 elementor-grid-mobile-1 elementor-widget elementor-widget-posts\" data-id=\"7c1a146\" data-element_type=\"widget\" data-settings=\"{&quot;classic_columns&quot;:&quot;1&quot;,&quot;classic_columns_tablet&quot;:&quot;2&quot;,&quot;classic_columns_mobile&quot;:&quot;1&quot;,&quot;classic_row_gap&quot;:{&quot;unit&quot;:&quot;px&quot;,&quot;size&quot;:35,&quot;sizes&quot;:[]},&quot;classic_row_gap_tablet&quot;:{&quot;unit&quot;:&quot;px&quot;,&quot;size&quot;:&quot;&quot;,&quot;sizes&quot;:[]},&quot;classic_row_gap_mobile&quot;:{&quot;unit&quot;:&quot;px&quot;,&quot;size&quot;:&quot;&quot;,&quot;sizes&quot;:[]}}\" data-widget_type=\"posts.classic\">\n\t\t\t\t<div class=\"elementor-widget-container\">\n\t\t\t\t\t<div class=\"elementor-posts-container elementor-posts elementor-posts--skin-classic elementor-grid\">\n\t\t\t\t<article class=\"elementor-post elementor-grid-item post-31066 post type-post status-publish format-standard has-post-thumbnail hentry category-1\">\n\t\t\t\t<a class=\"elementor-post__thumbnail__link\" href=\"https:\/\/www.nongkham101.go.th\/home\/?p=31066\" >\n\t\t\t<div class=\"elementor-post__thumbnail\"><img fetchpriority=\"high\" decoding=\"async\" width=\"300\" height=\"300\" src=\"https:\/\/www.nongkham101.go.th\/home\/wp-content\/uploads\/2020\/02\/logo-web-nongkam.png\" class=\"attachment-medium size-medium wp-image-16715\" alt=\"\" srcset=\"https:\/\/www.nongkham101.go.th\/home\/wp-content\/uploads\/2020\/02\/logo-web-nongkam.png 1262w, https:\/\/www.nongkham101.go.th\/home\/wp-content\/uploads\/2020\/02\/logo-web-nongkam-768x768.png 768w\" sizes=\"(max-width: 300px) 100vw, 300px\" \/><\/div>\n\t\t<\/a>\n\t\t\t\t<div class=\"elementor-post__text\">\n\t\t\t\t<h3 class=\"elementor-post__title\">\n\t\t\t<a href=\"https:\/\/www.nongkham101.go.th\/home\/?p=31066\" >\n\t\t\t\tHe&#8217;s only an easy way to desired a person or make established users be appreciated\t\t\t<\/a>\n\t\t<\/h3>\n\t\t\t\t<\/div>\n\t\t\t\t<\/article>\n\t\t\t\t<article class=\"elementor-post elementor-grid-item post-31064 post type-post status-publish format-standard has-post-thumbnail hentry category-1\">\n\t\t\t\t<a class=\"elementor-post__thumbnail__link\" href=\"https:\/\/www.nongkham101.go.th\/home\/?p=31064\" >\n\t\t\t<div class=\"elementor-post__thumbnail\"><img fetchpriority=\"high\" decoding=\"async\" width=\"300\" height=\"300\" src=\"https:\/\/www.nongkham101.go.th\/home\/wp-content\/uploads\/2020\/02\/logo-web-nongkam.png\" class=\"attachment-medium size-medium wp-image-16715\" alt=\"\" srcset=\"https:\/\/www.nongkham101.go.th\/home\/wp-content\/uploads\/2020\/02\/logo-web-nongkam.png 1262w, https:\/\/www.nongkham101.go.th\/home\/wp-content\/uploads\/2020\/02\/logo-web-nongkam-768x768.png 768w\" sizes=\"(max-width: 300px) 100vw, 300px\" \/><\/div>\n\t\t<\/a>\n\t\t\t\t<div class=\"elementor-post__text\">\n\t\t\t\t<h3 class=\"elementor-post__title\">\n\t\t\t<a href=\"https:\/\/www.nongkham101.go.th\/home\/?p=31064\" >\n\t\t\t\tseven. Wildz Kasino \ufffd Locke Aktionen &#038; gro?e Slot-Wahl\t\t\t<\/a>\n\t\t<\/h3>\n\t\t\t\t<\/div>\n\t\t\t\t<\/article>\n\t\t\t\t<article class=\"elementor-post elementor-grid-item post-31062 post type-post status-publish format-standard has-post-thumbnail hentry category-1\">\n\t\t\t\t<a class=\"elementor-post__thumbnail__link\" href=\"https:\/\/www.nongkham101.go.th\/home\/?p=31062\" >\n\t\t\t<div class=\"elementor-post__thumbnail\"><img fetchpriority=\"high\" decoding=\"async\" width=\"300\" height=\"300\" src=\"https:\/\/www.nongkham101.go.th\/home\/wp-content\/uploads\/2020\/02\/logo-web-nongkam.png\" class=\"attachment-medium size-medium wp-image-16715\" alt=\"\" srcset=\"https:\/\/www.nongkham101.go.th\/home\/wp-content\/uploads\/2020\/02\/logo-web-nongkam.png 1262w, https:\/\/www.nongkham101.go.th\/home\/wp-content\/uploads\/2020\/02\/logo-web-nongkam-768x768.png 768w\" sizes=\"(max-width: 300px) 100vw, 300px\" \/><\/div>\n\t\t<\/a>\n\t\t\t\t<div class=\"elementor-post__text\">\n\t\t\t\t<h3 class=\"elementor-post__title\">\n\t\t\t<a href=\"https:\/\/www.nongkham101.go.th\/home\/?p=31062\" >\n\t\t\t\tMines Login do agente Trinocasino Jogue por Arame Contempor\u00e2neo com Afastamento\t\t\t<\/a>\n\t\t<\/h3>\n\t\t\t\t<\/div>\n\t\t\t\t<\/article>\n\t\t\t\t<article class=\"elementor-post elementor-grid-item post-31060 post type-post status-publish format-standard has-post-thumbnail hentry category-1\">\n\t\t\t\t<a class=\"elementor-post__thumbnail__link\" href=\"https:\/\/www.nongkham101.go.th\/home\/?p=31060\" >\n\t\t\t<div class=\"elementor-post__thumbnail\"><img fetchpriority=\"high\" decoding=\"async\" width=\"300\" height=\"300\" src=\"https:\/\/www.nongkham101.go.th\/home\/wp-content\/uploads\/2020\/02\/logo-web-nongkam.png\" class=\"attachment-medium size-medium wp-image-16715\" alt=\"\" srcset=\"https:\/\/www.nongkham101.go.th\/home\/wp-content\/uploads\/2020\/02\/logo-web-nongkam.png 1262w, https:\/\/www.nongkham101.go.th\/home\/wp-content\/uploads\/2020\/02\/logo-web-nongkam-768x768.png 768w\" sizes=\"(max-width: 300px) 100vw, 300px\" \/><\/div>\n\t\t<\/a>\n\t\t\t\t<div class=\"elementor-post__text\">\n\t\t\t\t<h3 class=\"elementor-post__title\">\n\t\t\t<a href=\"https:\/\/www.nongkham101.go.th\/home\/?p=31060\" >\n\t\t\t\tCasinos Online com B\u00f3nus sem Dep\u00f3sito B\u00f3nus melhor cassino online Bingo Acess\u00edvel 2026\t\t\t<\/a>\n\t\t<\/h3>\n\t\t\t\t<\/div>\n\t\t\t\t<\/article>\n\t\t\t\t<article class=\"elementor-post elementor-grid-item post-31058 post type-post status-publish format-standard has-post-thumbnail hentry category-1\">\n\t\t\t\t<a class=\"elementor-post__thumbnail__link\" href=\"https:\/\/www.nongkham101.go.th\/home\/?p=31058\" >\n\t\t\t<div class=\"elementor-post__thumbnail\"><img fetchpriority=\"high\" decoding=\"async\" width=\"300\" height=\"300\" src=\"https:\/\/www.nongkham101.go.th\/home\/wp-content\/uploads\/2020\/02\/logo-web-nongkam.png\" class=\"attachment-medium size-medium wp-image-16715\" alt=\"\" srcset=\"https:\/\/www.nongkham101.go.th\/home\/wp-content\/uploads\/2020\/02\/logo-web-nongkam.png 1262w, https:\/\/www.nongkham101.go.th\/home\/wp-content\/uploads\/2020\/02\/logo-web-nongkam-768x768.png 768w\" sizes=\"(max-width: 300px) 100vw, 300px\" \/><\/div>\n\t\t<\/a>\n\t\t\t\t<div class=\"elementor-post__text\">\n\t\t\t\t<h3 class=\"elementor-post__title\">\n\t\t\t<a href=\"https:\/\/www.nongkham101.go.th\/home\/?p=31058\" >\n\t\t\t\tJede menge Zocker ersehnen unter den \ufffdganz gro?en Wurf\ufffd im Moglich Spielsaal\t\t\t<\/a>\n\t\t<\/h3>\n\t\t\t\t<\/div>\n\t\t\t\t<\/article>\n\t\t\t\t<article class=\"elementor-post elementor-grid-item post-31056 post type-post status-publish format-standard has-post-thumbnail hentry category-1\">\n\t\t\t\t<a class=\"elementor-post__thumbnail__link\" href=\"https:\/\/www.nongkham101.go.th\/home\/?p=31056\" >\n\t\t\t<div class=\"elementor-post__thumbnail\"><img fetchpriority=\"high\" decoding=\"async\" width=\"300\" height=\"300\" src=\"https:\/\/www.nongkham101.go.th\/home\/wp-content\/uploads\/2020\/02\/logo-web-nongkam.png\" class=\"attachment-medium size-medium wp-image-16715\" alt=\"\" srcset=\"https:\/\/www.nongkham101.go.th\/home\/wp-content\/uploads\/2020\/02\/logo-web-nongkam.png 1262w, https:\/\/www.nongkham101.go.th\/home\/wp-content\/uploads\/2020\/02\/logo-web-nongkam-768x768.png 768w\" sizes=\"(max-width: 300px) 100vw, 300px\" \/><\/div>\n\t\t<\/a>\n\t\t\t\t<div class=\"elementor-post__text\">\n\t\t\t\t<h3 class=\"elementor-post__title\">\n\t\t\t<a href=\"https:\/\/www.nongkham101.go.th\/home\/?p=31056\" >\n\t\t\t\tOnly give your casino of choice your mobile amount, and you are clearly all set!\t\t\t<\/a>\n\t\t<\/h3>\n\t\t\t\t<\/div>\n\t\t\t\t<\/article>\n\t\t\t\t<\/div>\n\t\t\n\t\t\t\t<\/div>\n\t\t\t\t<\/div>\n\t\t\t\t\t<\/div>\n\t\t<\/div>\n\t\t\t\t<div class=\"elementor-column elementor-col-50 elementor-top-column elementor-element elementor-element-790db66\" data-id=\"790db66\" data-element_type=\"column\" data-settings=\"{&quot;background_background&quot;:&quot;classic&quot;}\">\n\t\t\t<div class=\"elementor-widget-wrap elementor-element-populated\">\n\t\t\t\t\t\t<div class=\"elementor-element elementor-element-a601e94 elementor-widget elementor-widget-heading\" data-id=\"a601e94\" data-element_type=\"widget\" data-widget_type=\"heading.default\">\n\t\t\t\t<div class=\"elementor-widget-container\">\n\t\t\t<h2 class=\"elementor-heading-title elementor-size-default\">Only give your casino of choice your mobile amount, and you are clearly all set!<\/h2>\t\t<\/div>\n\t\t\t\t<\/div>\n\t\t\t\t<div class=\"elementor-element elementor-element-7846e19b elementor-widget elementor-widget-shortcode\" data-id=\"7846e19b\" data-element_type=\"widget\" data-widget_type=\"shortcode.default\">\n\t\t\t\t<div class=\"elementor-widget-container\">\n\t\t\t\t\t<div class=\"elementor-shortcode\"><\/div>\n\t\t\t\t<\/div>\n\t\t\t\t<\/div>\n\t\t\t\t\t<\/div>\n\t\t<\/div>\n\t\t\t\t\t<\/div>\n\t\t<\/section>\n\t\t\t\t<\/div>\n\t\t","protected":false},"excerpt":{"rendered":"<p>\u0e02\u0e49\u0e2d\u0e21\u0e39\u0e25\u0e1e\u0e37\u0e49\u0e19\u0e10\u0e32\u0e19 \u0e02\u0e48\u0e32\u0e27\u0e2a\u0e32\u0e23\u0e25\u0e48\u0e32\u0e2a<\/p>\n","protected":false},"author":1,"featured_media":16715,"parent":0,"menu_order":0,"comment_status":"closed","ping_status":"closed","template":"","meta":{"_bbp_topic_count":0,"_bbp_reply_count":0,"_bbp_total_topic_count":0,"_bbp_total_reply_count":0,"_bbp_voice_count":0,"_bbp_anonymous_reply_count":0,"_bbp_topic_count_hidden":0,"_bbp_reply_count_hidden":0,"_bbp_forum_subforum_count":0,"footnotes":""},"class_list":["post-6910","page","type-page","status-publish","has-post-thumbnail","hentry"],"_links":{"self":[{"href":"https:\/\/www.nongkham101.go.th\/home\/index.php?rest_route=\/wp\/v2\/pages\/6910","targetHints":{"allow":["GET"]}}],"collection":[{"href":"https:\/\/www.nongkham101.go.th\/home\/index.php?rest_route=\/wp\/v2\/pages"}],"about":[{"href":"https:\/\/www.nongkham101.go.th\/home\/index.php?rest_route=\/wp\/v2\/types\/page"}],"author":[{"embeddable":true,"href":"https:\/\/www.nongkham101.go.th\/home\/index.php?rest_route=\/wp\/v2\/users\/1"}],"replies":[{"embeddable":true,"href":"https:\/\/www.nongkham101.go.th\/home\/index.php?rest_route=%2Fwp%2Fv2%2Fcomments&post=6910"}],"version-history":[{"count":0,"href":"https:\/\/www.nongkham101.go.th\/home\/index.php?rest_route=\/wp\/v2\/pages\/6910\/revisions"}],"wp:featuredmedia":[{"embeddable":true,"href":"https:\/\/www.nongkham101.go.th\/home\/index.php?rest_route=\/wp\/v2\/media\/16715"}],"wp:attachment":[{"href":"https:\/\/www.nongkham101.go.th\/home\/index.php?rest_route=%2Fwp%2Fv2%2Fmedia&parent=6910"}],"curies":[{"name":"wp","href":"https:\/\/api.w.org\/{rel}","templated":true}]}}